 common factor of 29 and h?
29
Let w(c) be the second derivative of c**4/3 - c**3/6 + 3*c**2/2 - 2*c + 18. Let o = 1 - -2. Let h be w(o). What is the highest common factor of 18 and h?
18
Suppose -100 + 4 = -r. Let g be ((-40)/(-6))/((-6)/(-9)). Let c = 2 + g. What is the highest common divisor of r and c?
12
Let q(f) = 11*f**2 - 6*f - 21. Let l be q(-3). What is the greatest common factor of 36 and l?
12
Suppose 3*q + 1163 - 3209 = 0. What is the greatest common factor of 66 and q?
22
Let z = -10 - -34. Let p = z + -15. Let o = 126 + -63. Calculate the highest common divisor of p and o.
9
Suppose -44*g + 393 = -1719. What is the highest common divisor of 112 and g?
16
Let w = 3 - 0. Let d be (-20)/w*6*(-6)/30. What is the highest common divisor of 88 and d?
8
Suppose 3*f + 18 = 3*t, -f + 4*f = -4*t - 4. Let b(h) = -h**3 + 10*h**2 + 2*h - 14. Let d be b(10). Calculate the greatest common divisor of t and d.
2
Let w = -1069 - -1179. Calculate the greatest common divisor of 198 and w.
22
Let q be 6 - 9*(-1)/(-3). Suppose 0*c = -2*c - h + 9, -c + 22 = -q*h. Suppose c*l = 4*l + 90. Calculate the highest common factor of 6 and l.
6
Let o(d) = d**3 + 6*d**2 - 4*d - 8. Let v be o(-6). Suppose -20*b = -22*b + v. Calculate the greatest common divisor of b and 88.
8
Let h be -194*(-17)/4 - 38/(-76). What is the highest common factor of h and 75?
75
Suppose -n + 7 = -3*r, 4*n - 12 = -0*n - 4*r. Suppose 0 = n*h - 0*h - 168. Calculate the greatest common factor of 294 and h.
42
Suppose 33*j + 10816 = 27712. Calculate the highest common divisor of j and 48.
16
Let z be ((-21)/(-63))/(2 + (-1246)/624). Calculate the greatest common divisor of 156 and z.
52
Suppose 0 = -5*y - 2*s - 1706, 0 = -5*y + s + 2*s - 1716. Let n be (6/9)/((-12)/y). Calculate the greatest common divisor of 209 and n.
19
Suppose -19*a + 16*a = -3*h - 48, 3*a = -2*h + 28. Suppose 2*x + 5*d - 96 = 0, -4*d = -x - 0*d + 48. What is the greatest common divisor of x and a?
12
Let z = 1413 + -1401. Let x be -9*(-1)/((-9)/(-6)). Suppose 2*g - x*g = -240. Calculate the highest common factor of g and z.
12
Suppose -k - t + 62 = -33, -257 = -3*k + 4*t. Calculate the highest common factor of 39 and k.
13
Let d(r) = -3*r**3 + 2*r**2 + 2*r + 7. Let f(m) = m**2 + 7*m - 3. Let y be f(-7). Let o be d(y). Calculate the greatest common factor of 20 and o.
20
Suppose 0 = 4*p + 5*t - 16, -3*p + 32 = -5*t - 15. Let f be 4/(-6) + 8/(-6). Let y be 0 + 2/(-4)*f. What is the greatest common factor of y and p?
1
Let c be (34/3)/((-17)/(1020/(-40))). Suppose 0 = -0*u - 5*u + 595. Calculate the highest common divisor of c and u.
17
Let w = 30 - 27. Suppose -3*g - 94 = -p, 3*p - 160 - 134 = w*g. Calculate the highest common divisor of p and 40.
20
Suppose 20 = 4*a + 23*f - 19*f, 34 = 4*a - 3*f. Suppose -5*j = -2*j - 5*w - 26, j - 4 = -3*w. What is the greatest common factor of a and j?
7
Suppose 0 = 2*g - 334 - 156. Suppose 3*b + w - 170 = 0, 3*w + 15 = -4*b + g. Calculate the highest common factor of 140 and b.
28
Suppose 0 = 3*k - 85 - 92. Let s be -35 + 7 - (2 - 3). Let h = k + s. Calculate the greatest common factor of h and 8.
8
Suppose 3*d - 4 = d. Suppose 1 - 7 = -d*v. Calculate the greatest common factor of v and 3.
3
Suppose -3*r + 12 = 2*w, 0*w - 2*r - 44 = -3*w. What is the highest common factor of w and 156?
12
Suppose 8*o - 5*o = 6. Suppose 4*l - 3*l = 3*g + 18, o = g. What is the highest common divisor of l and 16?
8
Let u = -14 - -16. Let d(g) = -2*g - g**3 + 9 + 2*g**3 - 2*g**u - 9. Let t be d(4). Calculate the highest common factor of t and 240.
24
Suppose -37*u + 43*u - 12 = 0. What is the greatest common factor of u and 9?
1
Let m be 6/(-10) + 22/(-55). Let p be m/2*-4 + 37. Let t = 10 + 16. What is the highest common factor of t and p?
13
Suppose -7624 + 25864 = 38*l. Calculate the greatest common divisor of 30 and l.
30
Let p be (56/(-98))/((-4)/42). Let l = p + 42. Calculate the highest common divisor of 32 and l.
16
Suppose 39 - 15 = 4*d. Suppose -450 = -d*q + q. Let s(c) = c**2 + 6*c - 36. Let w be s(-12). Calculate the highest common factor of w and q.
18
Let x = 1 + 9. Let u be (-5)/x - (-2)/(-4). Let q be -4 + u*(-18)/1. Calculate the highest common divisor of 21 and q.
7
Let r(s) = -s**3 + 3*s**2 + 5*s - 3. Let p be r(3). Let t be (-300)/(-5) - 5/((-15)/p). Calculate the highest common divisor of t and 4.
4
Let w(f) = f**2 - 2*f - 18. Let a be w(6). Suppose -3*c - 33 = -5*l, l + 29 = a*l - 4*c. What is the greatest common factor of l and 6?
3
Let d be 2/(((-16)/44)/(-2)). Let o = -25 - -43. Suppose 19*h - o*h = 11. What is the greatest common factor of h and d?
11
Suppose -5*r - 3*m + 0*m + 153 = 0, 0 = 3*m - 3. Let z be -3 - -7 - 24/(-4). What is the greatest common factor of r and z?
10
Suppose 0 = -2*f - c + 48, -4*f - 30*c + 31*c = -102. Suppose -2*u - v + 94 = 2*v, -5*u + 242 = 4*v. Calculate the highest common divisor of f and u.
25
Suppose 107*m - 60 = 106*m. Calculate the greatest common divisor of m and 160.
20
Let k(p) = 48*p - 33. Let s be k(2). Calculate the highest common factor of 252 and s.
63
Suppose 3*c - 32*c + 696 = 0. Calculate the highest common factor of 60 and c.
12
Let y be 2/10 - (-656)/20 - -2. Calculate the highest common factor of y and 1015.
35
Let x = 407 - 350. Let w(g) = 5*g**2 + 2*g + 3. Suppose -4 = 2*r - 0*r. Let t be w(r). Calculate the highest common divisor of t and x.
19
Let f = -424 + 464. Calculate the greatest common divisor of f and 30.
10
Let d be 430/90 + (-2)/(-9). Let p be d - 4 - (2 + -56). Calculate the highest common factor of p and 22.
11
Let s(d) = d**3 + 9*d**2 + 8*d + 3. Let o be s(-8). Suppose 400 + 224 = o*x. Calculate the greatest common divisor of 26 and x.
26
Let o be ((-4)/5)/((-6)/180). What is the highest common divisor of o and 36?
12
Let d(f) = 6*f - 6. Let c be d(5). Let l = c - -26. Calculate the highest common divisor of l and 125.
25
Suppose 867 = 14*t - 4775. What is the highest common divisor of 13 and t?
13
Suppose -3*k + 2*u - 82 = -7*k, 3*k + 4*u = 74. Calculate the greatest common divisor of 24 and k.
6
Suppose -9*y + 616 + 1373 = 0. Calculate the highest common divisor of 91 and y.
13
Suppose 2 = -2*f + 3*z + 7, -5*z - 4 = f. Suppose -5*i = 4*n - 152, -i - f + 5 = 0. What is the highest common factor of n and 11?
11
Let u(i) = -3*i - 2. Let l be u(-4). Let x(z) = 9 - 10 + 9*z**2 + 13 + z**3 - l*z. Let b be x(-10). What is the highest common divisor of 18 and b?
6
Let g be 1304/6 - (-35)/(-105). Calculate the greatest common factor of g and 93.
31
Suppose -21*i + 9*i = -468. Calculate the greatest common divisor of i and 351.
39
Let k = -913 + 1508. What is the highest common divisor of 35 and k?
35
Let i(p) = 161*p - 262. Let w be i(8). Calculate the highest common divisor of w and 38.
38
Let a(r) = -3*r. Let v be a(-7). Let c be (-7)/(-2)*(-654)/(-763). Calculate the highest common factor of v and c.
3
Suppose 20 - 5 = 5*j. Suppose j*y + 73 = 3*p + 2*p, 0 = 2*p - 5*y - 14. Let w = p + -1. Calculate the highest common divisor of w and 32.
16
Let d be (39/(-13))/(-3*(-4)/(-8)). Suppose 0*o = -2*o + 84. Suppose -o = a - d*a. What is the greatest common divisor of a and 14?
14
Let h = 434 - 217. What is the highest common divisor of 124 and h?
31
Let y = -13 - -24. Let i be 12*4 + 11 + -15. Calculate the highest common factor of i and y.
11
Let j be 2 - (0 - (0 - 2)). Suppose j = -5*z + 41 + 34. Suppose 28*y + 82 = 30*y + 4*b, 0 = -b - 2. Calculate the highest common factor of y and z.
15
Let f = -23 - -26. Suppose -50 = -2*o + 2*r + 90, f*r - 294 = -4*o. Let s = -5 - -53. Calculate the highest common divisor of s and o.
24
Let g = -665 + 701. What is the highest common divisor of 54 and g?
18
Let z = 106 - 26. Suppose 18 = -8*b + 98. What is the highest common divisor of b and z?
10
Let k(o) = -21*o**3 - o**2 - 4*o - 2. Let z be k(-1). Let v(p) = -11*p. Let w be v(-2). What is the greatest common factor of z and w?
22
Suppose 0 = 8*r + 1070 - 3982. What is the highest common divisor of 91 and r?
91
Let j(l) = -l - 4. Let n be j(-36). What is the greatest common factor of 4 and n?
4
Suppose 57*r = -4*j + 62*r + 35, 2*r = -5*j + 85. What is the greatest common factor of 35 and j?
5
Let k = -1021 - -1071. What is t